nits digit of 1358784?
4
What is the hundred thousands digit of 3169156?
1
What is the units digit of 15928349?
9
What is the hundred thousands digit of 1460255?
4
What is the hundreds digit of 7816?
8
What is the hundreds digit of 1057652?
6
What is the ten thousands digit of 252540?
5
What is the ten thousands digit of 1254333?
5
What is the hundreds digit of 7766087?
0
What is the thousands digit of 525136?
5
What is the thousands digit of 358411?
8
What is the hundred thousands digit of 415552?
4
What is the hundreds digit of 1218834?
8
What is the ten thousands digit of 2762480?
6
What is the thousands digit of 1003091?
3
What is the tens digit of 5427792?
9
What is the tens digit of 2953552?
5
What is the ten thousands digit of 209410?
0
What is the hundreds digit of 249581?
5
What is the hundred thousands digit of 7989694?
9
What is the hundreds digit of 14218320?
3
What is the millions digit of 8237236?
8
What is the units digit of 6155110?
0
What is the hundreds digit of 4558890?
8
What is the hundreds digit of 1847650?
6
What is the thousands digit of 93087?
3
What is the hundred thousands digit of 16020185?
0
What is the tens digit of 1540856?
5
What is the thousands digit of 569156?
9
What is the hundreds digit of 7260469?
4
What is the hundreds digit of 265729?
7
What is the ten millions digit of 27366292?
2
What is the ten thousands digit of 30437818?
3
What is the hundred thousands digit of 31643580?
6
What is the tens digit of 211329?
2
What is the hundred thousands digit of 12044641?
0
What is the thousands digit of 720720?
0
What is the units digit of 198496?
6
What is the units digit of 166109?
9
What is the hundred thousands digit of 120680?
1
What is the hundreds digit of 476231?
2
What is the ten thousands digit of 380264?
8
What is the tens digit of 1342365?
6
What is the ten millions digit of 14837916?
1
What is the units digit of 639511?
1
What is the thousands digit of 620838?
0
What is the ten thousands digit of 483460?
8
What is the units digit of 4634367?
7
What is the units digit of 258820?
0
What is the tens digit of 17464396?
9
What is the hundred thousands digit of 690955?
6
What is the tens digit of 3518899?
9
What is the units digit of 46983?
3
What is the ten thousands digit of 9664013?
6
What is the hundreds digit of 443962?
9
What is the ten thousands digit of 11159381?
5
What is the units digit of 109468?
8
What is the hundreds digit of 989119?
1
What is the tens digit of 556409?
0
What is the units digit of 215376?
6
What is the hundreds digit of 402359?
3
What is the thousands digit of 357951?
7
What is the hundreds digit of 24576?
5
What is the thousands digit of 10651029?
1
What is the tens digit of 13643832?
3
What is the hundreds digit of 1122?
1
What is the thousands digit of 239554?
9
What is the tens digit of 275782?
8
What is the hundreds digit of 157862?
8
What is the units digit of 133785?
5
What is the hundred thousands digit of 6414671?
4
What is the millions digit of 23177745?
3
What is the tens digit of 598622?
2
What is the hundreds digit of 1858752?
7
What is the thousands digit of 5100278?
0
What is the units digit of 398304?
4
What is the units digit of 896566?
6
What is the hundred thousands digit of 8496358?
4
What is the hundred thousands digit of 647520?
6
What is the millions digit of 5212513?
5
What is the hundreds digit of 420980?
9
What is the ten millions digit of 30652147?
3
What is the units digit of 109075?
5
What is the thousands digit of 431172?
1
What is the hundreds digit of 2852980?
9
What is the hundreds digit of 2286119?
1
What is the ten thousands digit of 1996192?
9
What is the thousands digit of 706017?
6
What is the units digit of 15575308?
8
What is the thousands digit of 105112?
5
What is the millions digit of 2295139?
2
What is the thousands digit of 473804?
3
What is the tens digit of 92601?
0
What is the units digit of 301102?
2
What is the hundred thousands digit of 23127601?
1
What is the millions digit of 45067736?
5
What is the thousands digit of 78777?
8
What is the millions digit of 1827725?
1
What is the hundreds digit of 159466?
4
What is the thousands digit of 72853?
2
What is the units digit of 33876?
6
What is the thousands digit of 1492011?
2
What is the units digit of 756525?
5
What is the tens digit of 6630279?
7
What is the hundred thousands digit of 125452?
1
What is the hundred thousands digit of 1187425?
1
What is the hundreds digit of 9358502?
5
What is the ten thousands digit of 700815?
0
What is the units digit of 816944?
4
What is the hundred thousands digit of 483327?
4
What is the ten thousands digit of 64516?
6
What is the hundred thousands digit of 4702276?
7
What is the ten millions digit of 20474389?
2
What is the hundreds digit of 8367503?
5
What is the units digit of 35080?
0
What is the tens digit of 369009?
0
What is the tens digit of 976264?
6
What is the ten thousands digit of 2834206?
3
What is the hundred thousands digit of 3098392?
0
What is the units digit of 4493106?
6
What is the ten thousands digit of 419875?
1
What is the units digit of 2618803?
3
What is the tens digit of 2787031?
3
What is the hundreds digit of 651346?
3
What is the ten thousands digit of 23357056?
5
What is the ten thousands digit of 774495?
7
What is the hundred thousands digit of 20392786?
3
What is the thousands digit of 3678532?
8
What is the hundreds digit of 2524337?
3
What is the tens digit of 2381694?
9
What is the ten thousands digit of 2497838?
9
What is the tens digit of 191464?
6
What is the units digit of 2433576?
6
What is the millions digit of 2029849?
2
What is the hundred thousands digit of 1898831?
8
What is the ten thousands digit of 1401516?
0
What is the hundred thousands digit of 1005869?
0
What is the units digit of 213527?
7
What is the ten thousands digit of 25197906?
9
What is the hundreds digit of 23820146?
1
What is the ten thousands digit of 265385?
6
What is the hundreds digit of 126192?
1
What is the ten thousands digit of 567776?
6
What is the units digit of 858153?
3
What is the ten thousands digit of 1028001?
2
What is the ten thousands digit of 3728171?
2
What is the units digit of 2588912?
2
What is the units digit of 244207?
7
What is the ten thousands digit of 7932189?
3
What is the ten thousands digit of 1002750?
0
What is the ten thousands digit of 1593263?
9
What is the tens digit of 6875767?
6
What is the hundreds digit of 1713157?
1
What is the millions digit of 2656053?
2
What is the ten thousands digit of 163831?
6
What is the ten thousands digit of 536255?
3
What is the millions digit of 1386614?
1
What is the tens digit of 1797480?
8
What is the hundred thousands digit of 1695704?
6
What is the hundreds digit of 1650656?
6
What is the ten thousands digit of 5136798?
3
What is the tens digit of 2321903?
0
What is the thousands digit of 217914?
7
What is the thousands digit of 236891?
6
What is the millions digit of 1288805?
1
What is the millions digit of 7370646?
7
What is the hundreds digit of 2564885?
8
What is the units digit of 4003620?
0
What is the hundreds digit of 3769383?
3
What is the hundreds digit of 307707?
7
What is the thousands digit of 4245842?
5
What is the units digit of 25803895?
5
What is the ten millions digit of 10422255?
1
What is the ten thousands digit of 30548914?
4
What is the ten thousands digit of 13873259?
7
What is the millions digit of 1043663?
1
What is the hundred thousands digit of 18449636?
4
What is the units digit of 180986?
6
What is the hundred thousands digit of 406353?
4
What is the tens digit of 16529?
2
What is the tens digit of 5434594?
9
What is the tens digit of 22584478?
7
What is the hundred thousands digit of 1393263?
3
What is the thousands digit of 130537?
0
What is the hundreds digit of 81761?
7
What is the units digit of 1150573?
3
What is the hundred thousands digit of 4976332?
9
What is the hundreds digit of 1403326?
3
What is the tens digit of 772279?
7
What is the units digit of 65389?
9
What is the ten thousands digit of 798297?
9
What is the hundred thousands digit of 249564?
2
What is the thousands digit of 1748948?
8
What is the hundreds digit of 784219?
2
What is the tens digit of 549433?
3
What is the thousands digit of 25253808?
3
